se 4*t = 5*l + 46, -2*t + 6*t + 3*l = 62. Let r(x) = 2*x**2 - x + 30. Let s be r(t). Calculate the greatest common factor of s and 24.
24
Suppose -42 = -4*z + 158. Suppose -24 = -2*l + 96. Let v be 7470/l + (-1)/(-2). Calculate the highest common factor of z and v.
25
Let l be 5/25 + 2278/85. Let v = 4 - -1. Suppose -s - 7 = -v*b, 0*b = 3*s - b - 7. What is the highest common divisor of s and l?
3
Let g be 14664/(-470)*(-5)/3. What is the highest common divisor of 3068 and g?
52
Suppose 44 + 48 = 23*r. Let a(g) = -g**2 + 3*g - 7. Let t be a(5). Let d be (r + -1 - t/(-3))*-27. Calculate the highest common factor of 48 and d.
24
Let m be (4 - 0)/((-7)/(-42)*(-21)/(-224)). Calculate the greatest common divisor of 464 and m.
16
Let z be -16*1/(-3) + 32/(-24) + 14248. What is the greatest common factor of 7 and z?
7
Let o be (268/(-32))/((-21)/168). Calculate the greatest common factor of 6 and o.
1
Suppose 2*w + 171 = 3*m, w - 5*m = -3*m - 83. Let c = w - -184. Suppose -10 = 5*a, -2*a = t + 3*t - 48. What is the highest common factor of c and t?
13
Let w(z) = z - 3. Let y be w(7). Suppose 5*k - 77 = -2*l, 2*l - y*k = -0*l + 68. Let b = -2160 + 2268. Calculate the greatest common factor of b and l.
36
Let y = 54 - -88. Suppose g + 100 = y. What is the greatest common divisor of 28 and g?
14
Let b(r) = 7*r**2 + r - 2. Let z be b(2). Let c = -21 + 26. Suppose c*l - 668 = -248. What is the greatest common divisor of z and l?
28
Suppose 7*s - 168 - 56 = 0. Let l be (-2)/(-16) + 1404/s + -8. What is the greatest common factor of l and 36?
36
Suppose 6*c = -49*c - 223*c + 1112. Let b = -20 - 4. Let i = b - -40. Calculate the greatest common divisor of i and c.
4
Let w(j) = 28*j**2 + 553*j + 36. Let d be w(-20). What is the greatest common factor of d and 34?
2
Let h(q) = 3*q**2 - 22*q + 16. Let c be h(12). Let u be (32/26)/(-8) - c/(-13). Calculate the highest common divisor of u and 182.
14
Suppose 4*o - 4*f = 1024, -o + 164 = -8*f - 120. What is the highest common factor of o and 4392?
36
Let w(u) be the first derivative of -19 + 27/2*u**2 + 2/3*u**3 + 56*u. Let x be w(-16). Calculate the greatest common divisor of 17 and x.
17
Let i(l) = -l**3 - l**2 - 4. Let t be i(-2). Suppose t = s - 5 - 3. Let v(f) = f**2 + 5*f + 2. Let m be v(-5). What is the highest common factor of s and m?
2
Let q(t) = -t**3 + 8*t**2 - 7*t + 2. Let u be q(7). Let n(z) = 38*z + 233. Let s be n(-6). What is the greatest common factor of s and u?
1
Let y be (14/(-7))/((-12)/426). What is the highest common divisor of y and 1917?
71
Let h be ((-7840)/(-350))/((-3)/(-30)). Calculate the highest common factor of 1064 and h.
56
Let a = 11806 + -11566. Calculate the highest common factor of a and 4740.
60
Suppose 93*f - 37*f = 34*f + 33066. What is the highest common factor of f and 6680?
167
Let g(s) = -20*s + 68. Let k be g(7). Let a = k - -84. What is the highest common factor of 20 and a?
4
Let y(s) = -6*s - 4. Let p(o) = o**3 - 3*o**2 - 3*o + 7. Let z be p(3). Let x be y(z). Calculate the greatest common divisor of 28 and x.
4
Let i = 30 - -3. Let h = 13799 - 13711. What is the greatest common divisor of h and i?
11
Let q be ((-2)/(4/63))/((-333)/1776). Calculate the highest common divisor of 1736 and q.
56
Let v be 19 - ((-4)/(-8) + 5/(-2)). Let y be (-80)/(-2) + -21 + v. Let n(d) = 2*d + 1. Let c be n(2). Calculate the highest common divisor of y and c.
5
Let g(x) = 20*x**2 - 9*x + 107. Let a be g(7). What is the greatest common divisor of 8 and a?
8
Let r be 8*(2 - 3)/(2/(-2)). Let l be (-12)/18*-3 - -254. What is the greatest common factor of l and r?
8
Suppose 8*a - 6*a + 956 = 4*c, 1196 = 5*c - 2*a. What is the greatest common factor of 200 and c?
40
Suppose 5*l - 3*i - 1040 = 0, 3*l - 4*i - 2080 = -7*l. What is the greatest common divisor of l and 144?
16
Suppose 17821*k + 139860 = 17858*k. Calculate the greatest common divisor of k and 432.
108
Suppose 0*u + i + 2210 = 3*u, 740 = u - i. Suppose -8*m = -u - 1337. Calculate the greatest common factor of 37 and m.
37
Let x be 11*4/(-4) + 10. Let h be ((-338)/(-2) - x) + -2. Let f(o) = o**2 + 3*o + 6. Let t be f(-6). What is the greatest common factor of t and h?
24
Suppose 0 = 14*d - 13*d + 4. Let c be (d + 4)/(4 - 3). Suppose -4*b + c*b = -260. What is the highest common factor of b and 13?
13
Let a = 176 + -297. Let f = a - -127. What is the highest common divisor of f and 42?
6
Suppose 91 + 53 = 8*o. Calculate the greatest common factor of 2286 and o.
18
Suppose -4*n - w = -561, 194 = n + 4*w + 50. Suppose 443 = v - n. Calculate the greatest common factor of v and 11.
11
Let t = -104 - -26. Let p be (t/(-9))/(16/24). Suppose 14*v - 19 = p*v. What is the highest common factor of v and 19?
19
Let r = -21 + 44. Let x(z) = 6*z**3 + z**2 + 2*z - 10. Let a be x(2). What is the greatest common divisor of r and a?
23
Let u(i) = 10*i - 67. Let t be u(14). Suppose 0*p - p = -3*l + 49, 0 = -3*p + 2*l - 133. Let m = p + t. Calculate the highest common factor of m and 15.
15
Let s = 144 + -84. Let z(o) = -o**3 - 9*o**2 + 8*o. Let l be (3 + 42)/(-9) - 5. Let j be z(l). What is the greatest common divisor of j and s?
20
Suppose -2*f = -4*a + 906, 2*a - 111*f - 468 = -107*f. What is the highest common divisor of 994 and a?
14
Let h(w) = -w**3 - 17*w**2 - 18*w + 22. Let m be h(-16). Suppose -760 = -8*i + 1184. Calculate the highest common factor of i and m.
27
Let z(u) = -286*u**3. Let m be z(-1). Let b(t) = -6*t**2 + 103*t - 60. Let c be b(16). Calculate the highest common factor of c and m.
26
Suppose -130*d = -117*d. Suppose -23*g + 3*g + 11880 = d. What is the greatest common factor of g and 54?
54
Suppose -2*r = 2, 898 = 2*p - 4*r + 6*r. Calculate the greatest common divisor of 3000 and p.
150
Let o be 7843/33 - (-4)/3. Let r = 293 - o. Calculate the highest common divisor of r and 36.
18
Suppose -9*s + 2655 - 1071 = 0. Let j(a) = 14*a + 120. Let z be j(-7). Calculate the greatest common factor of s and z.
22
Let q be (-720)/(-216)*(4/(-10) - (-51)/15). Let n = 5 + -3. Let o be (q/2 - n) + 90/5. Calculate the highest common factor of o and 231.
21
Suppose 0 = k + 2*v - 13394, 1015*k - 1012*k = 4*v + 40252. What is the highest common divisor of k and 32?
32
Let c = 7651 + -1846. Calculate the highest common divisor of c and 135.
135
Let s = 148 - 134. Let g(i) = 2*i**2 - 26*i + 37. Let f be g(s). Calculate the highest common factor of 325 and f.
65
Suppose -31*v + 19488 = -7*v. Let x = 1379 - v. Calculate the highest common divisor of x and 21.
21
Suppose 19*n + 1872 = 97*n. Let a(l) = l**2 + 4. Let c be a(0). Suppose c*x + 32 = 6*x. Calculate the greatest common factor of x and n.
8
Let b be 4 - (14/(-6) - (-5)/15). Suppose -16 + 562 = 7*f. What is the highest common factor of f and b?
6
Suppose -15*j - 4*x = -17*j + 620, 0 = 4*j - 4*x - 1232. Let w(d) = 7*d + 19. Let k be w(7). What is the greatest common factor of k and j?
34
Let z be ((-40)/14)/(7/((-34692)/24)). What is the highest common divisor of z and 531?
59
Let s be 845620/540 - 14/(-378). What is the highest common divisor of s and 1242?
54
Let t(f) = 3*f**2 - 2*f. Let y be t(3). Let k be (0 + (-1)/(-2))*(27 - 27). Let j be ((-5)/(-2) - 4)*-14 + k. Calculate the highest common divisor of j and y.
21
Let l = 10799 + -10727. Calculate the highest common factor of 1536 and l.
24
Let d(r) = -r**3 + 13*r**2 + 232*r - 45. Let g be d(23). What is the greatest common factor of 983 and g?
1
Let f be (405/18)/((-12)/(-320)). What is the highest common divisor of 1050 and f?
150
Let k be -1 + -856*(-3)/6. Suppose 7*t = -28 + k. Calculate the greatest common divisor of 171 and t.
57
Let v(i) = i**3 - 8*i - 5. Let z be v(6). Suppose 0 = 2*q - 29 + z. Let j = 122 + q. What is the greatest common divisor of 11 and j?
11
Let g(x) = -10*x - 139. Let h be (57/38)/(6/(-56)). Let c be g(h). Calculate the highest common divisor of 27 and c.
1
Let w(k) = -15*k + 658. Let y be w(36). Calculate the greatest common factor of 177 and y.
59
Let v = -2 - -7. Let x = -227 - -227. Suppose 121*m - 118*m - 6 = x. What is the highest common divisor of m and v?
1
Let q = -199 + 195. Let z = -25 + 14. Let a = q - z. What is the greatest common factor of a and 7?
7
Let x = 7 + -11. Let k be x/8 + -2 + (